{"id":55173,"date":"2026-01-31T22:04:09","date_gmt":"2026-01-31T22:04:09","guid":{"rendered":"https:\/\/anunciosgratuitos.net\/?product=clue-signature-collection"},"modified":"2026-01-31T22:04:18","modified_gmt":"2026-01-31T22:04:18","slug":"clue-signature-collection","status":"publish","type":"product","link":"https:\/\/anunciosgratuitos.net\/?product=clue-signature-collection","title":{"rendered":"Clue Signature Collection"},"content":{"rendered":"<p><!-- Ads --><br \/>\n<\/p>\n<p><!-- Product Details Section --><\/p>\n<p>                                             From the manufacturer   <\/p>\n<p>                                                  <img decoding=\"async\" alt=\" \" src=\"https:\/\/images-na.ssl-images-amazon.com\/images\/G\/01\/x-locale\/common\/grey-pixel.gif\" class=\"a-lazy-loaded\" data-src=\"https:\/\/m.media-amazon.com\/images\/S\/aplus-media\/sota\/5f06d187-86e1-49f1-9142-7a4a3d561e3a.__CR0,0,300,300_PT0_SX300_V1___.jpg\"><img decoding=\"async\" alt=\" \" src=\"https:\/\/m.media-amazon.com\/images\/S\/aplus-media\/sota\/5f06d187-86e1-49f1-9142-7a4a3d561e3a.__CR0,0,300,300_PT0_SX300_V1___.jpg\">  <\/p>\n<h3 class=\"a-spacing-mini\"> Hasbro <\/h3>\n<p> Descubre todas tus marcas de juguetes favoritas, Transformers y mucho m\u00e1s, reunidas en un solo lugar. Consulta hoy la lista de nuestras figuras, mu\u00f1ecas, juegos electr\u00f3nicos, juegos de mesa y mucho m\u00e1s. Descubre nuestras marcas a continuaci\u00f3n o busca juguetes seg\u00fan tu edad. <\/p>\n<p>                                                  <img decoding=\"async\" alt=\" \" src=\"https:\/\/images-na.ssl-images-amazon.com\/images\/G\/01\/x-locale\/common\/grey-pixel.gif\" class=\"a-spacing-mini a-lazy-loaded\" data-src=\"https:\/\/m.media-amazon.com\/images\/S\/aplus-media\/sota\/503ba36f-8389-48f5-a33e-82e63fa384d8.__CR0,0,300,300_PT0_SX300_V1___.png\"><img decoding=\"async\" alt=\" \" src=\"https:\/\/m.media-amazon.com\/images\/S\/aplus-media\/sota\/503ba36f-8389-48f5-a33e-82e63fa384d8.__CR0,0,300,300_PT0_SX300_V1___.png\">  <\/p>\n<h3 class=\"a-spacing-mini\"> Accesorio <\/h3>\n<p> Los jugadores aceptaron una invitaci\u00f3n para unas vacaciones con todos los gastos pagados a bordo, el lujoso yate del Capit\u00e1n Melville, que alberga un casino particularmente preciado. Una noche, cuando se acerca la tormenta, alguien ve el cuerpo del capit\u00e1n que flota a pocos metros.Mientras el barco toma el agua, los jugadores se ponen a prueba: deben formar equipo para escapar del yate <\/p>\n<p> Product Dimensions                                            \u200f                                            :                                            \u200e                                            6.3 x 29.2 x 29.2 cm; 1.65 kg   <br \/> Mfg Recommended age                                            \u200f                                            :                                            \u200e                                            8 &#8211; 99 years   <br \/> Item model number                                            \u200f                                            :                                            \u200e                                            F5518101   <br \/> ASIN                                            \u200f                                            :                                            \u200e                                            B09Q95TJVX   <br \/> Country of origin                                            \u200f                                            :                                            \u200e                                            Ireland   <br \/>  Customer reviews:                                                                                            4.8               4.8 out of 5 stars                                  (37)                                              var dpAcrHasRegisteredArcLinkClickAction;                    P.when(&#8216;A&#8217;, &#8216;ready&#8217;).execute(function(A) {                        if (dpAcrHasRegisteredArcLinkClickAction !== true) {                            dpAcrHasRegisteredArcLinkClickAction = true;                            A.declarative(                                &#8216;acrLink-click-metrics&#8217;, &#8216;click&#8217;,                                { &#8220;allowLinkDefault&#8221;: true },                                function (event) {                                    if (window.ue) {                                        ue.count(&#8220;acrLinkClickCount&#8221;, (ue.count(&#8220;acrLinkClickCount&#8221;) || 0) + 1);                                    }                                }                            );                        }                    });                                             P.when(&#8216;A&#8217;, &#8216;cf&#8217;).execute(function(A) {                A.declarative(&#8216;acrStarsLink-click-metrics&#8217;, &#8216;click&#8217;, { &#8220;allowLinkDefault&#8221; : true },  function(event){                    if(window.ue) {                        ue.count(&#8220;acrStarsLinkWithPopoverClickCount&#8221;, (ue.count(&#8220;acrStarsLinkWithPopoverClickCount&#8221;) || 0) + 1);                    }                });            });                          <br \/>CLUEDO PLATFORM GAME: This Collectible Cluedo Edition has stylish design, high-quality packaging and game elements as well as built-in storage<br \/>A PREMIUM UNPACKING EXPERIENCE: With its gorgeous design, refined illustrations and quality materials like wooden pawns and cast metal weapons, this Cluedo is designed for display<br \/>A MYSTERY TO SOLVE: In this classic Cluedo, players must solve the murder mystery in the mansion trying to figure out who committed the crime, with which weapon, and in which room<br \/>AN IMMERSIVE GAME: Players can keep their research a secret thanks to custom screens that add a touch of grandeur to the mansion<br \/>SHARING MEMORIES: Players gather as a family to create unforgettable memories. This premium finish family board set is designed with sustainable quality materials<\/p>\n<p><!-- Product Review Section Removed --><br \/>\n<!-- Price & Buy Now Section Removed --><\/p>\n\n","protected":false},"excerpt":{"rendered":"<p>From the manufacturer Hasbro Descubre todas tus marcas de juguetes favoritas, Transformers y mucho m\u00e1s, reunidas en un solo lugar. Consulta hoy la lista de nuestras figuras, mu\u00f1ecas, juegos electr\u00f3nicos, juegos de mesa y mucho m\u00e1s. Descubre nuestras marcas a continuaci\u00f3n o busca juguetes seg\u00fan tu edad. Accesorio Los jugadores aceptaron una invitaci\u00f3n para unas [&hellip;]<\/p>\n","protected":false},"featured_media":55174,"comment_status":"open","ping_status":"closed","template":"","meta":{"_gspb_post_css":""},"store":[],"product_brand":[],"product_cat":[359,357,463,358,160],"product_tag":[],"class_list":{"0":"post-55173","1":"product","2":"type-product","3":"status-publish","4":"has-post-thumbnail","6":"product_cat-board-games","7":"product_cat-games-accessories","8":"product_cat-mystery-games","9":"product_cat-tabletop-games","10":"product_cat-toys-games","12":"first","13":"instock","14":"shipping-taxable","15":"product-type-external"},"yoast_head":"<!-- This site is optimized with the Yoast SEO Premium plugin v26.2 (Yoast SEO v26.3) - https:\/\/yoast.com\/wordpress\/plugins\/seo\/ -->\n<title>Clue Signature Collection - anunciosgratuitos<\/title>\n<meta name=\"robots\" content=\"index, follow, max-snippet:-1, max-image-preview:large, max-video-preview:-1\" \/>\n<link rel=\"canonical\" href=\"https:\/\/anunciosgratuitos.net\/?product=clue-signature-collection\" \/>\n<meta property=\"og:locale\" content=\"en_US\" \/>\n<meta property=\"og:type\" content=\"article\" \/>\n<meta property=\"og:title\" content=\"Clue Signature Collection\" \/>\n<meta property=\"og:description\" content=\"From the manufacturer Hasbro Descubre todas tus marcas de juguetes favoritas, Transformers y mucho m\u00e1s, reunidas en un solo lugar. Consulta hoy la lista de nuestras figuras, mu\u00f1ecas, juegos electr\u00f3nicos, juegos de mesa y mucho m\u00e1s. Descubre nuestras marcas a continuaci\u00f3n o busca juguetes seg\u00fan tu edad. Accesorio Los jugadores aceptaron una invitaci\u00f3n para unas [&hellip;]\" \/>\n<meta property=\"og:url\" content=\"https:\/\/anunciosgratuitos.net\/?product=clue-signature-collection\" \/>\n<meta property=\"og:site_name\" content=\"anunciosgratuitos\" \/>\n<meta property=\"article:modified_time\" content=\"2026-01-31T22:04:18+00:00\" \/>\n<meta property=\"og:image\" content=\"https:\/\/images-na.ssl-images-amazon.com\/images\/G\/01\/x-locale\/common\/grey-pixel.gif\" \/>\n<meta name=\"twitter:card\" content=\"summary_large_image\" \/>\n<meta name=\"twitter:label1\" content=\"Est. reading time\" \/>\n\t<meta name=\"twitter:data1\" content=\"2 minutes\" \/>\n<script type=\"application\/ld+json\" class=\"yoast-schema-graph\">{\"@context\":\"https:\/\/schema.org\",\"@graph\":[{\"@type\":\"WebPage\",\"@id\":\"https:\/\/anunciosgratuitos.net\/?product=clue-signature-collection\",\"url\":\"https:\/\/anunciosgratuitos.net\/?product=clue-signature-collection\",\"name\":\"Clue Signature Collection - anunciosgratuitos\",\"isPartOf\":{\"@id\":\"https:\/\/anunciosgratuitos.net\/#website\"},\"primaryImageOfPage\":{\"@id\":\"https:\/\/anunciosgratuitos.net\/?product=clue-signature-collection#primaryimage\"},\"image\":{\"@id\":\"https:\/\/anunciosgratuitos.net\/?product=clue-signature-collection#primaryimage\"},\"thumbnailUrl\":\"https:\/\/anunciosgratuitos.net\/wp-content\/uploads\/2026\/01\/51JyD0t9-wL._AC_SL1000_.jpg\",\"datePublished\":\"2026-01-31T22:04:09+00:00\",\"dateModified\":\"2026-01-31T22:04:18+00:00\",\"breadcrumb\":{\"@id\":\"https:\/\/anunciosgratuitos.net\/?product=clue-signature-collection#breadcrumb\"},\"inLanguage\":\"en-US\",\"potentialAction\":[{\"@type\":\"ReadAction\",\"target\":[\"https:\/\/anunciosgratuitos.net\/?product=clue-signature-collection\"]}]},{\"@type\":\"ImageObject\",\"inLanguage\":\"en-US\",\"@id\":\"https:\/\/anunciosgratuitos.net\/?product=clue-signature-collection#primaryimage\",\"url\":\"https:\/\/anunciosgratuitos.net\/wp-content\/uploads\/2026\/01\/51JyD0t9-wL._AC_SL1000_.jpg\",\"contentUrl\":\"https:\/\/anunciosgratuitos.net\/wp-content\/uploads\/2026\/01\/51JyD0t9-wL._AC_SL1000_.jpg\",\"width\":996,\"height\":904},{\"@type\":\"BreadcrumbList\",\"@id\":\"https:\/\/anunciosgratuitos.net\/?product=clue-signature-collection#breadcrumb\",\"itemListElement\":[{\"@type\":\"ListItem\",\"position\":1,\"name\":\"Home\",\"item\":\"https:\/\/anunciosgratuitos.net\/\"},{\"@type\":\"ListItem\",\"position\":2,\"name\":\"Shop\",\"item\":\"https:\/\/anunciosgratuitos.net\/?page_id=14\"},{\"@type\":\"ListItem\",\"position\":3,\"name\":\"Clue Signature Collection\"}]},{\"@type\":\"WebSite\",\"@id\":\"https:\/\/anunciosgratuitos.net\/#website\",\"url\":\"https:\/\/anunciosgratuitos.net\/\",\"name\":\"anunciosgratuitos\",\"description\":\"\",\"publisher\":{\"@id\":\"https:\/\/anunciosgratuitos.net\/#organization\"},\"potentialAction\":[{\"@type\":\"SearchAction\",\"target\":{\"@type\":\"EntryPoint\",\"urlTemplate\":\"https:\/\/anunciosgratuitos.net\/?s={search_term_string}\"},\"query-input\":{\"@type\":\"PropertyValueSpecification\",\"valueRequired\":true,\"valueName\":\"search_term_string\"}}],\"inLanguage\":\"en-US\"},{\"@type\":\"Organization\",\"@id\":\"https:\/\/anunciosgratuitos.net\/#organization\",\"name\":\"anunciosgratuitos\",\"url\":\"https:\/\/anunciosgratuitos.net\/\",\"logo\":{\"@type\":\"ImageObject\",\"inLanguage\":\"en-US\",\"@id\":\"https:\/\/anunciosgratuitos.net\/#\/schema\/logo\/image\/\",\"url\":\"https:\/\/anunciosgratuitos.net\/wp-content\/uploads\/2025\/11\/fff.png\",\"contentUrl\":\"https:\/\/anunciosgratuitos.net\/wp-content\/uploads\/2025\/11\/fff.png\",\"width\":438,\"height\":45,\"caption\":\"anunciosgratuitos\"},\"image\":{\"@id\":\"https:\/\/anunciosgratuitos.net\/#\/schema\/logo\/image\/\"}}]}<\/script>\n<!-- \/ Yoast SEO Premium plugin. -->","yoast_head_json":{"title":"Clue Signature Collection - anunciosgratuitos","robots":{"index":"index","follow":"follow","max-snippet":"max-snippet:-1","max-image-preview":"max-image-preview:large","max-video-preview":"max-video-preview:-1"},"canonical":"https:\/\/anunciosgratuitos.net\/?product=clue-signature-collection","og_locale":"en_US","og_type":"article","og_title":"Clue Signature Collection","og_description":"From the manufacturer Hasbro Descubre todas tus marcas de juguetes favoritas, Transformers y mucho m\u00e1s, reunidas en un solo lugar. Consulta hoy la lista de nuestras figuras, mu\u00f1ecas, juegos electr\u00f3nicos, juegos de mesa y mucho m\u00e1s. Descubre nuestras marcas a continuaci\u00f3n o busca juguetes seg\u00fan tu edad. Accesorio Los jugadores aceptaron una invitaci\u00f3n para unas [&hellip;]","og_url":"https:\/\/anunciosgratuitos.net\/?product=clue-signature-collection","og_site_name":"anunciosgratuitos","article_modified_time":"2026-01-31T22:04:18+00:00","og_image":[{"url":"https:\/\/images-na.ssl-images-amazon.com\/images\/G\/01\/x-locale\/common\/grey-pixel.gif","type":"","width":"","height":""}],"twitter_card":"summary_large_image","twitter_misc":{"Est. reading time":"2 minutes"},"schema":{"@context":"https:\/\/schema.org","@graph":[{"@type":"WebPage","@id":"https:\/\/anunciosgratuitos.net\/?product=clue-signature-collection","url":"https:\/\/anunciosgratuitos.net\/?product=clue-signature-collection","name":"Clue Signature Collection - anunciosgratuitos","isPartOf":{"@id":"https:\/\/anunciosgratuitos.net\/#website"},"primaryImageOfPage":{"@id":"https:\/\/anunciosgratuitos.net\/?product=clue-signature-collection#primaryimage"},"image":{"@id":"https:\/\/anunciosgratuitos.net\/?product=clue-signature-collection#primaryimage"},"thumbnailUrl":"https:\/\/anunciosgratuitos.net\/wp-content\/uploads\/2026\/01\/51JyD0t9-wL._AC_SL1000_.jpg","datePublished":"2026-01-31T22:04:09+00:00","dateModified":"2026-01-31T22:04:18+00:00","breadcrumb":{"@id":"https:\/\/anunciosgratuitos.net\/?product=clue-signature-collection#breadcrumb"},"inLanguage":"en-US","potentialAction":[{"@type":"ReadAction","target":["https:\/\/anunciosgratuitos.net\/?product=clue-signature-collection"]}]},{"@type":"ImageObject","inLanguage":"en-US","@id":"https:\/\/anunciosgratuitos.net\/?product=clue-signature-collection#primaryimage","url":"https:\/\/anunciosgratuitos.net\/wp-content\/uploads\/2026\/01\/51JyD0t9-wL._AC_SL1000_.jpg","contentUrl":"https:\/\/anunciosgratuitos.net\/wp-content\/uploads\/2026\/01\/51JyD0t9-wL._AC_SL1000_.jpg","width":996,"height":904},{"@type":"BreadcrumbList","@id":"https:\/\/anunciosgratuitos.net\/?product=clue-signature-collection#breadcrumb","itemListElement":[{"@type":"ListItem","position":1,"name":"Home","item":"https:\/\/anunciosgratuitos.net\/"},{"@type":"ListItem","position":2,"name":"Shop","item":"https:\/\/anunciosgratuitos.net\/?page_id=14"},{"@type":"ListItem","position":3,"name":"Clue Signature Collection"}]},{"@type":"WebSite","@id":"https:\/\/anunciosgratuitos.net\/#website","url":"https:\/\/anunciosgratuitos.net\/","name":"anunciosgratuitos","description":"","publisher":{"@id":"https:\/\/anunciosgratuitos.net\/#organization"},"potentialAction":[{"@type":"SearchAction","target":{"@type":"EntryPoint","urlTemplate":"https:\/\/anunciosgratuitos.net\/?s={search_term_string}"},"query-input":{"@type":"PropertyValueSpecification","valueRequired":true,"valueName":"search_term_string"}}],"inLanguage":"en-US"},{"@type":"Organization","@id":"https:\/\/anunciosgratuitos.net\/#organization","name":"anunciosgratuitos","url":"https:\/\/anunciosgratuitos.net\/","logo":{"@type":"ImageObject","inLanguage":"en-US","@id":"https:\/\/anunciosgratuitos.net\/#\/schema\/logo\/image\/","url":"https:\/\/anunciosgratuitos.net\/wp-content\/uploads\/2025\/11\/fff.png","contentUrl":"https:\/\/anunciosgratuitos.net\/wp-content\/uploads\/2025\/11\/fff.png","width":438,"height":45,"caption":"anunciosgratuitos"},"image":{"@id":"https:\/\/anunciosgratuitos.net\/#\/schema\/logo\/image\/"}}]}},"_links":{"self":[{"href":"https:\/\/anunciosgratuitos.net\/index.php?rest_route=\/wp\/v2\/product\/55173","targetHints":{"allow":["GET"]}}],"collection":[{"href":"https:\/\/anunciosgratuitos.net\/index.php?rest_route=\/wp\/v2\/product"}],"about":[{"href":"https:\/\/anunciosgratuitos.net\/index.php?rest_route=\/wp\/v2\/types\/product"}],"replies":[{"embeddable":true,"href":"https:\/\/anunciosgratuitos.net\/index.php?rest_route=%2Fwp%2Fv2%2Fcomments&post=55173"}],"wp:featuredmedia":[{"embeddable":true,"href":"https:\/\/anunciosgratuitos.net\/index.php?rest_route=\/wp\/v2\/media\/55174"}],"wp:attachment":[{"href":"https:\/\/anunciosgratuitos.net\/index.php?rest_route=%2Fwp%2Fv2%2Fmedia&parent=55173"}],"wp:term":[{"taxonomy":"store","embeddable":true,"href":"https:\/\/anunciosgratuitos.net\/index.php?rest_route=%2Fwp%2Fv2%2Fstore&post=55173"},{"taxonomy":"product_brand","embeddable":true,"href":"https:\/\/anunciosgratuitos.net\/index.php?rest_route=%2Fwp%2Fv2%2Fproduct_brand&post=55173"},{"taxonomy":"product_cat","embeddable":true,"href":"https:\/\/anunciosgratuitos.net\/index.php?rest_route=%2Fwp%2Fv2%2Fproduct_cat&post=55173"},{"taxonomy":"product_tag","embeddable":true,"href":"https:\/\/anunciosgratuitos.net\/index.php?rest_route=%2Fwp%2Fv2%2Fproduct_tag&post=55173"}],"curies":[{"name":"wp","href":"https:\/\/api.w.org\/{rel}","templated":true}]}}